[INFO] fetching crate crc64-rs 0.2.0...
[INFO] checking crc64-rs-0.2.0 against master#af3c6e733a40e671550e0f0f5aeecaa13772ba56 for pr-74989
[INFO] extracting crate crc64-rs 0.2.0 into /workspace/builds/worker-12/source
[INFO] validating manifest of crates.io crate crc64-rs 0.2.0 on toolchain af3c6e733a40e671550e0f0f5aeecaa13772ba56
[INFO] running `Command { std: "/workspace/cargo-home/bin/cargo" "+af3c6e733a40e671550e0f0f5aeecaa13772ba56" "read-manifest" "--manifest-path" "Cargo.toml", kill_on_drop: false }`
[INFO] started tweaking crates.io crate crc64-rs 0.2.0
[INFO] finished tweaking crates.io crate crc64-rs 0.2.0
[INFO] tweaked toml for crates.io crate crc64-rs 0.2.0 written to /workspace/builds/worker-12/source/Cargo.toml
[INFO] running `Command { std: "/workspace/cargo-home/bin/cargo" "+af3c6e733a40e671550e0f0f5aeecaa13772ba56" "generate-lockfile" "--manifest-path" "Cargo.toml" "-Zno-index-update", kill_on_drop: false }`
[INFO] running `Command { std: "/workspace/cargo-home/bin/cargo" "+af3c6e733a40e671550e0f0f5aeecaa13772ba56" "fetch" "--locked" "--manifest-path" "Cargo.toml", kill_on_drop: false }`
[INFO] running `Command { std: "docker" "create" "-v" "/var/lib/crater-agent-workspace/builds/worker-12/target:/opt/rustwide/target:rw,Z" "-v" "/var/lib/crater-agent-workspace/builds/worker-12/source:/opt/rustwide/workdir:ro,Z" "-v" "/var/lib/crater-agent-workspace/cargo-home:/opt/rustwide/cargo-home:ro,Z" "-v" "/var/lib/crater-agent-workspace/rustup-home:/opt/rustwide/rustup-home:ro,Z" "-e" "SOURCE_DIR=/opt/rustwide/workdir" "-e" "CARGO_TARGET_DIR=/opt/rustwide/target" "-e" "CARGO_HOME=/opt/rustwide/cargo-home" "-e" "RUSTUP_HOME=/opt/rustwide/rustup-home" "-w" "/opt/rustwide/workdir" "-m" "1610612736" "--user" "0:0" "--network" "none" "rustops/crates-build-env@sha256:d92eaeed33fa75130ca1ee6c8a01d1ffb62bac859dfdfb3450e3e5d1c0146529" "/opt/rustwide/cargo-home/bin/cargo" "+af3c6e733a40e671550e0f0f5aeecaa13772ba56" "metadata" "--no-deps" "--format-version=1", kill_on_drop: false }`
[INFO] [stderr] WARNING: Your kernel does not support swap limit capabilities or the cgroup is not mounted. Memory limited without swap.
[INFO] [stdout] 4b9255a221bf00be3ee8ea343a0b6ab474163fb72d3229fce89e3fe58f521169
[INFO] running `Command { std: "docker" "start" "-a" "4b9255a221bf00be3ee8ea343a0b6ab474163fb72d3229fce89e3fe58f521169", kill_on_drop: false }`
[INFO] running `Command { std: "docker" "inspect" "4b9255a221bf00be3ee8ea343a0b6ab474163fb72d3229fce89e3fe58f521169", kill_on_drop: false }`
[INFO] running `Command { std: "docker" "rm" "-f" "4b9255a221bf00be3ee8ea343a0b6ab474163fb72d3229fce89e3fe58f521169", kill_on_drop: false }`
[INFO] [stdout] 4b9255a221bf00be3ee8ea343a0b6ab474163fb72d3229fce89e3fe58f521169
[INFO] running `Command { std: "docker" "create" "-v" "/var/lib/crater-agent-workspace/builds/worker-12/target:/opt/rustwide/target:rw,Z" "-v" "/var/lib/crater-agent-workspace/builds/worker-12/source:/opt/rustwide/workdir:ro,Z" "-v" "/var/lib/crater-agent-workspace/cargo-home:/opt/rustwide/cargo-home:ro,Z" "-v" "/var/lib/crater-agent-workspace/rustup-home:/opt/rustwide/rustup-home:ro,Z" "-e" "SOURCE_DIR=/opt/rustwide/workdir" "-e" "CARGO_TARGET_DIR=/opt/rustwide/target" "-e" "CARGO_INCREMENTAL=0" "-e" "RUST_BACKTRACE=full" "-e" "RUSTFLAGS=--cap-lints=forbid" "-e" "CARGO_HOME=/opt/rustwide/cargo-home" "-e" "RUSTUP_HOME=/opt/rustwide/rustup-home" "-w" "/opt/rustwide/workdir" "-m" "1610612736" "--user" "0:0" "--network" "none" "rustops/crates-build-env@sha256:d92eaeed33fa75130ca1ee6c8a01d1ffb62bac859dfdfb3450e3e5d1c0146529" "/opt/rustwide/cargo-home/bin/cargo" "+af3c6e733a40e671550e0f0f5aeecaa13772ba56" "check" "--frozen" "--all" "--all-targets" "--message-format=json", kill_on_drop: false }`
[INFO] [stderr] WARNING: Your kernel does not support swap limit capabilities or the cgroup is not mounted. Memory limited without swap.
[INFO] [stdout] 1b796cc8e8e4ede0dce026ed458d8ae2cf7dc14cee3128dc944836fdc3a6be63
[INFO] running `Command { std: "docker" "start" "-a" "1b796cc8e8e4ede0dce026ed458d8ae2cf7dc14cee3128dc944836fdc3a6be63", kill_on_drop: false }`
[INFO] [stderr]     Checking crc64-rs v0.2.0 (/opt/rustwide/workdir)
[INFO] [stdout] error: invalid suffix `us` for integer literal
[INFO] [stdout]   --> src/lib.rs:37:17
[INFO] [stdout]    |
[INFO] [stdout] 37 |     let mut i = 1us;
[INFO] [stdout]    |                 ^^^ invalid suffix `us`
[INFO] [stdout]    |
[INFO] [stdout]    = help: the suffix must be one of the integral types (`u32`, `isize`, etc)
[INFO] [stdout] 
[INFO] [stdout] 
[INFO] [stdout] error: invalid suffix `us` for integer literal
[INFO] [stdout]   --> src/lib.rs:55:22
[INFO] [stdout]    |
[INFO] [stdout] 55 |     let mut offset = 0us;
[INFO] [stdout]    |                      ^^^ invalid suffix `us`
[INFO] [stdout]    |
[INFO] [stdout]    = help: the suffix must be one of the integral types (`u32`, `isize`, etc)
[INFO] [stdout] 
[INFO] [stdout] 
[INFO] [stdout] error: invalid suffix `us` for integer literal
[INFO] [stdout]    --> src/lib.rs:126:22
[INFO] [stdout]     |
[INFO] [stdout] 126 |     let mut offset = 0us;
[INFO] [stdout]     |                      ^^^ invalid suffix `us`
[INFO] [stdout]     |
[INFO] [stdout]     = help: the suffix must be one of the integral types (`u32`, `isize`, etc)
[INFO] [stdout] 
[INFO] [stdout] 
[INFO] [stdout] error[E0658]: non-builtin inner attributes are unstable
[INFO] [stdout]  --> src/lib.rs:1:1
[INFO] [stdout]   |
[INFO] [stdout] 1 | #![experimental]
[INFO] [stdout]   | ^^^^^^^^^^^^^^^^
[INFO] [stdout]   |
[INFO] [stdout]   = note: see issue #54726 <https://github.com/rust-lang/rust/issues/54726> for more information
[INFO] [stdout]   = help: add `#![feature(custom_inner_attributes)]` to the crate attributes to enable
[INFO] [stdout] 
[INFO] [stdout] 
[INFO] [stdout] error: cannot find attribute `experimental` in this scope
[INFO] [stdout]  --> src/lib.rs:1:4
[INFO] [stdout]   |
[INFO] [stdout] 1 | #![experimental]
[INFO] [stdout]   |    ^^^^^^^^^^^^
[INFO] [stdout] 
[INFO] [stdout] 
[INFO] [stdout] error: cannot determine resolution for the attribute macro `test`
[INFO] [stdout]    --> src/lib.rs:152:3
[INFO] [stdout]     |
[INFO] [stdout] 152 | #[test]
[INFO] [stdout]     |   ^^^^
[INFO] [stdout]     |
[INFO] [stdout]     = note: import resolution is stuck, try simplifying macro imports
[INFO] [stdout] 
[INFO] [stdout] 
[INFO] [stdout] warning: unnecessary parentheses around `for` iterator expression
[INFO] [stdout]   --> src/lib.rs:84:14
[INFO] [stdout]    |
[INFO] [stdout] 84 |     for _ in (0..8) {
[INFO] [stdout]    |              ^^^^^^ help: remove these parentheses
[INFO] [stdout]    |
[INFO] [stdout]    = note: `#[warn(unused_parens)]` on by default
[INFO] [stdout] 
[INFO] [stdout] 
[INFO] [stdout] warning: unnecessary parentheses around `for` iterator expression
[INFO] [stdout]   --> src/lib.rs:88:14
[INFO] [stdout]    |
[INFO] [stdout] 88 |     for n in (0..256) {
[INFO] [stdout]    |              ^^^^^^^^ help: remove these parentheses
[INFO] [stdout] 
[INFO] [stdout] 
[INFO] [stdout] warning: unnecessary parentheses around `for` iterator expression
[INFO] [stdout]   --> src/lib.rs:99:14
[INFO] [stdout]    |
[INFO] [stdout] 99 |     for n in (0..256) {
[INFO] [stdout]    |              ^^^^^^^^ help: remove these parentheses
[INFO] [stdout] 
[INFO] [stdout] 
[INFO] [stdout] warning: unnecessary parentheses around `for` iterator expression
[INFO] [stdout]    --> src/lib.rs:101:18
[INFO] [stdout]     |
[INFO] [stdout] 101 |         for k in (1..8) {
[INFO] [stdout]     |                  ^^^^^^ help: remove these parentheses
[INFO] [stdout] 
[INFO] [stdout] 
[INFO] [stdout] error: invalid suffix `us` for integer literal
[INFO] [stdout]   --> src/lib.rs:37:17
[INFO] [stdout]    |
[INFO] [stdout] 37 |     let mut i = 1us;
[INFO] [stdout]    |                 ^^^ invalid suffix `us`
[INFO] [stdout]    |
[INFO] [stdout]    = help: the suffix must be one of the integral types (`u32`, `isize`, etc)
[INFO] [stdout] 
[INFO] [stdout] 
[INFO] [stdout] error: invalid suffix `us` for integer literal
[INFO] [stdout]   --> src/lib.rs:55:22
[INFO] [stdout]    |
[INFO] [stdout] 55 |     let mut offset = 0us;
[INFO] [stdout]    |                      ^^^ invalid suffix `us`
[INFO] [stdout]    |
[INFO] [stdout]    = help: the suffix must be one of the integral types (`u32`, `isize`, etc)
[INFO] [stdout] 
[INFO] [stdout] 
[INFO] [stdout] error: invalid suffix `us` for integer literal
[INFO] [stdout]    --> src/lib.rs:126:22
[INFO] [stdout]     |
[INFO] [stdout] 126 |     let mut offset = 0us;
[INFO] [stdout]     |                      ^^^ invalid suffix `us`
[INFO] [stdout]     |
[INFO] [stdout]     = help: the suffix must be one of the integral types (`u32`, `isize`, etc)
[INFO] [stdout] 
[INFO] [stdout] 
[INFO] [stdout] error[E0658]: non-builtin inner attributes are unstable
[INFO] [stdout]  --> src/lib.rs:1:1
[INFO] [stdout]   |
[INFO] [stdout] 1 | #![experimental]
[INFO] [stdout]   | ^^^^^^^^^^^^^^^^
[INFO] [stdout]   |
[INFO] [stdout]   = note: see issue #54726 <https://github.com/rust-lang/rust/issues/54726> for more information
[INFO] [stdout]   = help: add `#![feature(custom_inner_attributes)]` to the crate attributes to enable
[INFO] [stdout] 
[INFO] [stdout] 
[INFO] [stdout] error: cannot find attribute `experimental` in this scope
[INFO] [stdout]  --> src/lib.rs:1:4
[INFO] [stdout]   |
[INFO] [stdout] 1 | #![experimental]
[INFO] [stdout]   |    ^^^^^^^^^^^^
[INFO] [stdout] 
[INFO] [stdout] 
[INFO] [stdout] error: cannot determine resolution for the attribute macro `test`
[INFO] [stdout]    --> src/lib.rs:152:3
[INFO] [stdout]     |
[INFO] [stdout] 152 | #[test]
[INFO] [stdout]     |   ^^^^
[INFO] [stdout]     |
[INFO] [stdout]     = note: import resolution is stuck, try simplifying macro imports
[INFO] [stdout] 
[INFO] [stdout] 
[INFO] [stdout] warning: unnecessary parentheses around `for` iterator expression
[INFO] [stdout]   --> src/lib.rs:84:14
[INFO] [stdout]    |
[INFO] [stdout] 84 |     for _ in (0..8) {
[INFO] [stdout]    |              ^^^^^^ help: remove these parentheses
[INFO] [stdout]    |
[INFO] [stdout]    = note: `#[warn(unused_parens)]` on by default
[INFO] [stdout] 
[INFO] [stdout] 
[INFO] [stdout] warning: unnecessary parentheses around `for` iterator expression
[INFO] [stdout]   --> src/lib.rs:88:14
[INFO] [stdout]    |
[INFO] [stdout] 88 |     for n in (0..256) {
[INFO] [stdout]    |              ^^^^^^^^ help: remove these parentheses
[INFO] [stdout] 
[INFO] [stdout] 
[INFO] [stdout] warning: unnecessary parentheses around `for` iterator expression
[INFO] [stdout]   --> src/lib.rs:99:14
[INFO] [stdout]    |
[INFO] [stdout] 99 |     for n in (0..256) {
[INFO] [stdout]    |              ^^^^^^^^ help: remove these parentheses
[INFO] [stdout] 
[INFO] [stdout] 
[INFO] [stdout] warning: unnecessary parentheses around `for` iterator expression
[INFO] [stdout]    --> src/lib.rs:101:18
[INFO] [stdout]     |
[INFO] [stdout] 101 |         for k in (1..8) {
[INFO] [stdout]     |                  ^^^^^^ help: remove these parentheses
[INFO] [stdout] 
[INFO] [stdout] 
[INFO] [stdout] error[E0061]: this function takes 2 arguments but 3 arguments were supplied
[INFO] [stdout]    --> src/lib.rs:155:36
[INFO] [stdout]     |
[INFO] [stdout] 123 | pub fn crc64(crc: u64, data: &[u8]) -> u64 {
[INFO] [stdout]     | ------------------------------------------ defined here
[INFO] [stdout] ...
[INFO] [stdout] 155 |     assert_eq!(0xe9c6d914c4b8d9ca, crc64(table, 0, "123456789".as_bytes()))
[INFO] [stdout]     |                                    ^^^^^ -----  -  ---------------------- supplied 3 arguments
[INFO] [stdout]     |                                    |
[INFO] [stdout]     |                                    expected 2 arguments
[INFO] [stdout] 
[INFO] [stdout] 
[INFO] [stdout] error: aborting due to 7 previous errors; 4 warnings emitted
[INFO] [stdout] 
[INFO] [stdout] 
[INFO] [stdout] Some errors have detailed explanations: E0061, E0658.
[INFO] [stdout] 
[INFO] [stdout] For more information about an error, try `rustc --explain E0061`.
[INFO] [stdout] 
[INFO] [stderr] error: could not compile `crc64-rs`.
[INFO] [stderr] 
[INFO] [stderr] To learn more, run the command again with --verbose.
[INFO] [stderr] warning: build failed, waiting for other jobs to finish...
[INFO] [stdout] error[E0061]: this function takes 2 arguments but 3 arguments were supplied
[INFO] [stdout]    --> src/lib.rs:155:36
[INFO] [stdout]     |
[INFO] [stdout] 123 | pub fn crc64(crc: u64, data: &[u8]) -> u64 {
[INFO] [stdout]     | ------------------------------------------ defined here
[INFO] [stdout] ...
[INFO] [stdout] 155 |     assert_eq!(0xe9c6d914c4b8d9ca, crc64(table, 0, "123456789".as_bytes()))
[INFO] [stdout]     |                                    ^^^^^ -----  -  ---------------------- supplied 3 arguments
[INFO] [stdout]     |                                    |
[INFO] [stdout]     |                                    expected 2 arguments
[INFO] [stdout] 
[INFO] [stdout] 
[INFO] [stdout] error: aborting due to 7 previous errors; 4 warnings emitted
[INFO] [stdout] 
[INFO] [stdout] 
[INFO] [stdout] Some errors have detailed explanations: E0061, E0658.
[INFO] [stdout] 
[INFO] [stdout] For more information about an error, try `rustc --explain E0061`.
[INFO] [stdout] 
[INFO] [stderr] error: build failed
[INFO] running `Command { std: "docker" "inspect" "1b796cc8e8e4ede0dce026ed458d8ae2cf7dc14cee3128dc944836fdc3a6be63", kill_on_drop: false }`
[INFO] running `Command { std: "docker" "rm" "-f" "1b796cc8e8e4ede0dce026ed458d8ae2cf7dc14cee3128dc944836fdc3a6be63", kill_on_drop: false }`
[INFO] [stdout] 1b796cc8e8e4ede0dce026ed458d8ae2cf7dc14cee3128dc944836fdc3a6be63
